d).
3
Let u(q) = -q**3 - 3*q**2 + q - 4. Let o = -124 + 121. Calculate u(o).
-7
Let s(q) = q. Let d(f) = 6*f + 1. Let h(u) = d(u) - 4*s(u). Let l(r) = -3*r**3 + 2*r**2 - r. Let i be l(1). Determine h(i).
-3
Suppose -j = -0*j - 6. Let g be ((-4)/3)/(j/(-9)). Let y(h) = g*h + 4 + 2*h - 2. Determine y(-3).
-10
Let n = 3 + 1. Let y(l) be the first derivative of -6 + 5 - n*l + 3 - l**2. Calculate y(-5).
6
Let y(m) be the first derivative of -2*m**2 + 4*m - 2. Let k be 1*12*2/8. Give y(k).
-8
Let l(j) = -2*j + 1. Let d(x) = x**3 + 3*x**2 - 4*x + 3. Let p(t) = -4*t**3 - 8*t**2 + 11*t - 8. Let u(n) = -8*d(n) - 3*p(n). Let z be u(1). Give l(z).
-5
Let m(i) = i**3 + 3*i**2 - i + 3. Let p be 20/5 + -2 + -5. Give m(p).
6
Let k(u) = -3*u. Let x(y) = -y**3 + 3*y**2 + 5*y. Let n be 3/(((-42)/(-8))/7). Let r be x(n). What is k(r)?
-12
Let v(k) = 8*k - 3. Let c(m) = 143*m - 55. Suppose 140 = -3*r - 5*q, -9 = -2*q + 1. Let b(o) = r*v(o) + 3*c(o). Determine b(-1).
11
Let s(o) = -1 - o**2 - 6*o + 4*o + 3*o. Let m(b) = b**2 - 8*b + 12. Let u be m(6). What is s(u)?
-1
Let n(u) = -39*u**2 + u - 10. Suppose 4*k = -k - 4*o - 55, -k - 5*o = 32. Let g(z) = 26*z**2 - z + 7. Let v(f) = k*g(f) - 5*n(f). Suppose s + s = -2. Give v(s).
12
Let c(m) = -m**3 - 7*m**2 - 7*m - 5. Let h = -3 + -11. Let d be (-64)/24*(-1 + -2). Let s = h + d. What is c(s)?
1
Let w(j) = j**3 - j**2 - j. Suppose 2*x = -5*h + 61, 5*x + 0 + 10 = 0. Let s be 24/(-2)*(-2)/6. Suppose -t + 6 = -s*z, 6 = -t + 5*z + h. Give w(t).
2
Let s = -18 - -21. Let u(g) be the first derivative of 3/2*g**2 + 0*g + s. Determine u(-1).
-3
Let p(l) = -2 + 0*l**3 - l**3 - 3 + 4*l**2. Suppose -4*m - 11 - 13 = 0. Let c = -2 - m. What is p(c)?
-5
Let p(s) = 6*s - 17. Let d(n) = 3*n - 9. Let x(g) = -11*d(g) + 6*p(g). Calculate x(3).
6
Let r(g) = -g + 2. Let c be r(-3). Let a(i) = -c*i - 5*i**2 + i**2 - 2 + 3*i**2. Let t = 206 - 208. Calculate a(t).
4
Let j be (12/(-18))/((-2)/9). Let g(l) = 1 + 3*l**2 + 3*l + l**3 - 4*l + j*l - l**2. Suppose 3*f = f - 4. Determine g(f).
-3
Let b(q) = -5 + q**2 + 0*q**2 + 4 + 3*q. Suppose 0*p - 4*p = -24. Suppose p*o - 4*a = o - 7, 3*o = 4*a - 1. Determine b(o).
-1
Let n(s) = s - 1. Let a(k) = 7*k + 1. Let l(t) = a(t) - 2*n(t). Suppose -3*u + 4*z = -38, 4*u + 4*z = 18 + 14. Suppose -x - 4*x = u. Give l(x).
-7
Let n(b) be the third derivative of b**4/24 - 17*b**3/6 - 10*b**2. Let w be n(12). Let o(h) = -h**2 - 7*h - 7. What is o(w)?
3
Suppose d + 3 = 2*d. Suppose -q + 16 = d*q. Let c(w) = 3*w + 4. Let l(r) = -4*r - 4. Let h(g) = 3*c(g) + 2*l(g). Give h(q).
8
Let k(c) be the first derivative of -2*c**2 - 8*c + 0 - 1 - c**2 + 7*c. Calculate k(-1).
5
Let f(t) be the second derivative of -1/3*t**3 + 0 - 2*t - 3/2*t**2 - 1/4*t**4 - 1/20*t**5. Let j = -2 + 0. What is f(j)?
-3
Let d(f) = 2 + 8*f**2 + 2*f - 7*f**2 - 2*f. Give d(2).
6
Let t(g) = -4*g**2 + 8*g - 11. Let h(d) = -3*d**2 + 5*d - 7. Let a(b) = 8*h(b) - 5*t(b). Let f(l) = 2*l**2 - 12*l - 13. Let j be f(7). Give a(j).
-5
Let i(k) = -4*k - 30. Let q be i(-9). Let s(m) = m**3 - 7*m**2 + 4*m + 6. Give s(q).
-6
Let s(u) be the first derivative of -u**3/3 + 9*u**2/2 - 12*u + 7. Calculate s(8).
-4
Let n(k) = -k + 4. Let j be (-1 + (-9)/(-6))*10. Suppose 4*b + j*o - 22 = 25, -5*b - o + 43 = 0. Let w be n(b). Let z(m) = m + 2. Give z(w).
-2
Let o(b) = -4 - 7*b**3 + 8*b**3 + 4*b**2 - 5*b**2 - 3*b. Let w be (2 - 1)/(0 - 1). Let q = w + 4. Give o(q).
5
Let x(d) = -d**3 - 2*d**2 - 10*d + 5. Let b(s) = s**2 + s - 1. Let i(h) = 6*b(h) + x(h). What is i(3)?
-4
Let y(w) = 2*w**3 + 5*w**2 - 2*w - 6. Let o(v) = v**3 + 5*v**2 - 3*v - 5. Let q(p) = 3*o(p) - 2*y(p). Let z = 5 - 1. Calculate q(z).
-7
Let p(t) be the second derivative of t**3/3 + t**2 - 22*t. Suppose -3*k - 6 = -5*s, s = 4*s - 9. Determine p(k).
8
Let h(r) = -4*r**2 - 1. Let y be h(-1). Let t be (-1 - y)*(-2)/(-4). Let f(a) = 3*a**t - 3*a - 1 + a**3 + 1. Determine f(-4).
-4
Suppose 8*z = 9*z - 6. Let r(b) = b**3 - 5*b**2 - 8*b + 9. Calculate r(z).
-3
Let o(k) be the first derivative of 5*k + 1/4*k**4 + k**3 - 2 - 3/2*k**2. What is o(-4)?
1
Let l be (1 + 0/(-1))*-1. Let r(x) be the first derivative of 2/3*x**3 + x**2 + 7/4*x**4 - 3 + x. Calculate r(l).
-6
Suppose -3*m + 4*m - 9 = 0. Let a(o) = -m - 4 - 7*o + 6*o. Give a(-7).
-6
Let c(z) = z**3 - 3*z + z - 2*z**2 + 0*z + 3 - 4. Give c(3).
2
Let y(c) be the second derivative of c**7/420 + c**6/360 - c**3/6 + c. Let a(w) be the second derivative of y(w). Give a(-2).
-12
Let z(o) = -o**2 - 5*o + 2. Let y = 7 - 5. Let h be ((-12)/15)/(y/10). What is z(h)?
6
Let t(r) = r**2 - 6*r. Let j(i) = -i + 1. Let c(o) = 4*j(o) + t(o). Give c(7).
-17
Let n(v) = -v**3 - 8*v**2 + 5*v + 13. Let g(y) = -2*y**3 - 16*y**2 + 9*y + 25. Let x(l) = -3*g(l) + 5*n(l). Determine x(-8).
6
Let j(g) = 2*g - 6. Let q be (11 - 2) + -1 + -4. Determine j(q).
2
Let h(v) be the third derivative of 0*v + 1/2*v**3 + 1/8*v**4 + v**2 + 0. What is h(-2)?
-3
Let m = 11 - 12. Let p(l) be the first derivative of -10*l**3/3 + l - 1. Give p(m).
-9
Suppose 0 = -3*x - x + 16. Suppose 5 = -x*p - 3. Let c = p + 2. Let t(n) = n + 4. What is t(c)?
4
Let q(f) = f**3 + 7*f**2 + f + 7. Suppose x - 3*t = -4, -5*t = -3*x + 8*x - 20. Let a be x/(-7) - (-423)/(-63). Give q(a).
0
Let p(o) = -o + 2. Let i be 23/5 + (-6)/(-15). Calculate p(i).
-3
Let y(h) = -h - 3. Let n be (1 + 1)/(8/44). Let p = n + -19. Let l be y(p). Let q(u) = -u + 1. Calculate q(l).
-4
Let g(x) be the first derivative of -x**5/60 + 5*x**4/24 + x**3/3 - 1. Let q(b) be the third derivative of g(b). Let s = 13 - 9. Determine q(s).
-3
Let a(f) = 2*f + 1. Let d be a(2). Let s = d - 2. Let g(l) = l - 6. Give g(s).
-3
Let j(h) = -h**2 + 7*h - 2. Let y be j(7). Let b = y - 3. Let q(g) = -g - 9. What is q(b)?
-4
Let h(a) = a**3 + 5*a**2 - 6*a + 4. Let z be h(-6). Let g be (-2)/2*(1 + z). Let o(t) = -t**2 - 5*t - 6. Calculate o(g).
-6
Let t(f) = -f + 2. Suppose 6 = u + 1. Suppose -r - 13 = -s + 2*r, -u*s + 8 = 4*r. Calculate t(s).
-2
Let r(a) be the third derivative of -a**5/60 + a**4/6 + 5*a**3/6 + 4*a**2. Let c(s) = s + 1. Let w be c(0). Suppose 4*u - 15 - w = 0. Determine r(u).
5
Let s be -2 + 1/(2/(-6)). Let w(c) = -c**3 + 3*c + c - 3*c - 5*c**2 + 1. What is w(s)?
-4
Let f(d) = -2*d**3 - d**2 + 15*d + 5. Let p(m) = m**3 - 7*m - 2. Let k(l) = -6*f(l) - 13*p(l). What is k(6)?
2
Let n(y) = -y**3 - 6*y**2 + 2*y + 2. Suppose 0 = 5*u - 81 - 24. Suppose -x - 3*t = 3*x + u, 0 = 2*x + t + 11. Determine n(x).
-10
Let h(k) = 37*k**2 - 3 + 1 - 38*k**2 + k + 4. Determine h(0).
2
Suppose 2 = 2*r - 12. Let p(u) = 1 - 4*u - r + u + 3. Give p(-3).
6
Let h(m) = m**3 - m**2 - 3*m - 3. Suppose 2*b = 3*b - 5. Suppose 0 = -5*i + 20, v - b*v + 4*i - 24 = 0. Determine h(v).
-9
Let m(d) = -3*d. Let z(n) = -n. Let j(w) = -m(w) + 2*z(w). Suppose -15 = 4*q - 3*s, -4*q + 3*s - 5 = 2*s. Determine j(q).
0
Let b(o) = -2*o**2 - 2*o + 2. Let w be b(-2). Let a(s) = -s**2 - 4*s - 3. Let y be a(w). Let l(j) = 1 - 1 + 2*j**3 - 1. What is l(y)?
1
Let p(d) = -2*d - 5. Let z be p(-5). Let v(n) = n - 1. Calculate v(z).
4
Let k(u) = 2*u + 2. Suppose 5*d + 19 + 1 = 0. What is k(d)?
-6
Let i be 270/33 + (-2)/11. Let s = i + -14. Let y(b) = -10*b + 2 - 7 - b**2 + 2*b. Calculate y(s).
7
Let a(q) = -q**2 - 7*q - 3. Suppose 2*v - 5*j - 34 = 28, v = 3*j + 33. Let p = 15 - v. Give a(p).
3
Let s(r) = 5*r - 69. Let m(l) = l - 14. Let z(k) = 11*m(k) - 2*s(k). Give z(0).
-16
Let b(h) = -20 + 7 + 7*h**2 + h**3 - 2*h + 4. Calculate b(-7).
5
Let q(y) = -y**3 + 4*y**2 + 3*y + 3. Let s = -9 - -13. Determine q(s).
15
Suppose -2 = -3*d + 19. Let g(t) = -t**3 + 6*t**2 + 6*t + 4. Give g(d).
-3
Let i(c) = 28*c**2 - 10*c - 6. Let x(g) = 9*g**2 - 3*g - 2. Let r(s) = -3*i(s) + 10*x(s). Let l(o) = 4*o**2 - 1. Let d(a) = 8*l(a) - 5*r(a). Determine d(-2).
10
Let g(c) be the second derivative of -c**4/6 - c**3/6 + c**2 + 2*c. Let h = -1 + 6. Suppose -5 = h*d, -m - 2*d + 2 - 6 = 0. Give g(m).
-4
Let v(q) = 3 + q - 2 + 5. Let b be 2*-2 - (4 - 3). Determine v(b).
1
Let r(a) = a**2 - 11*a + 13. Let f be r(10). Suppose 0 = z + f*z + 20. Let w(g) = g**2 + 5*g + 5. Determine w(z).
5
Let c(x) = -2*x + 3*x - 2*x. Let z(r) = 8*r - 3. Let o(m) = -5*c(m) - z(m). What is o(3)?
-6
Let b(p) = 10*p**2 - 4*p**2 + 0*p - p**3 - 13 + 